hundreds digit of 20880?
8
What is the tens digit of 4646?
4
What is the units digit of 26696?
6
What is the hundreds digit of 7242?
2
What is the hundreds digit of 451?
4
What is the ten thousands digit of 41700?
4
What is the hundreds digit of 59440?
4
What is the hundreds digit of 118?
1
What is the units digit of 27502?
2
What is the ten thousands digit of 102745?
0
What is the units digit of 8786?
6
What is the thousands digit of 1265?
1
What is the hundreds digit of 3437?
4
What is the thousands digit of 7564?
7
What is the thousands digit of 1035?
1
What is the hundreds digit of 514?
5
What is the tens digit of 13933?
3
What is the ten thousands digit of 87779?
8
What is the tens digit of 3691?
9
What is the thousands digit of 19145?
9
What is the thousands digit of 8232?
8
What is the tens digit of 639?
3
What is the hundreds digit of 1164?
1
What is the thousands digit of 2160?
2
What is the tens digit of 4126?
2
What is the thousands digit of 2609?
2
What is the thousands digit of 6117?
6
What is the thousands digit of 6742?
6
What is the tens digit of 42963?
6
What is the tens digit of 3338?
3
What is the tens digit of 3712?
1
What is the units digit of 949?
9
What is the hundreds digit of 998?
9
What is the units digit of 11273?
3
What is the units digit of 706?
6
What is the units digit of 23384?
4
What is the thousands digit of 1269?
1
What is the units digit of 27285?
5
What is the tens digit of 262?
6
What is the hundreds digit of 48476?
4
What is the thousands digit of 15817?
5
What is the tens digit of 628?
2
What is the thousands digit of 7300?
7
What is the hundreds digit of 46750?
7
What is the units digit of 11799?
9
What is the hundreds digit of 9400?
4
What is the thousands digit of 96154?
6
What is the hundreds digit of 7844?
8
What is the tens digit of 50059?
5
What is the hundreds digit of 37173?
1
What is the tens digit of 571?
7
What is the units digit of 69553?
3
What is the tens digit of 680?
8
What is the thousands digit of 8695?
8
What is the tens digit of 511?
1
What is the units digit of 66717?
7
What is the ten thousands digit of 34384?
3
What is the tens digit of 34023?
2
What is the ten thousands digit of 10604?
1
What is the units digit of 338?
8
What is the units digit of 38180?
0
What is the hundreds digit of 2024?
0
What is the units digit of 10389?
9
What is the thousands digit of 2695?
2
What is the thousands digit of 4705?
4
What is the units digit of 35323?
3
What is the tens digit of 6305?
0
What is the ten thousands digit of 132908?
3
What is the hundreds digit of 48394?
3
What is the thousands digit of 1380?
1
What is the thousands digit of 14720?
4
What is the units digit of 462?
2
What is the tens digit of 69?
6
What is the units digit of 26078?
8
What is the units digit of 1949?
9
What is the hundreds digit of 69794?
7
What is the thousands digit of 37347?
7
What is the hundred thousands digit of 112730?
1
What is the units digit of 823?
3
What is the thousands digit of 1845?
1
What is the ten thousands digit of 82431?
8
What is the hundreds digit of 6117?
1
What is the ten thousands digit of 27667?
2
What is the thousands digit of 1395?
1
What is the ten thousands digit of 26313?
2
What is the tens digit of 970?
7
What is the units digit of 15825?
5
What is the tens digit of 5722?
2
What is the units digit of 83454?
4
What is the tens digit of 337?
3
What is the tens digit of 661?
6
What is the tens digit of 3575?
7
What is the hundreds digit of 38685?
6
What is the thousands digit of 28631?
8
What is the thousands digit of 52479?
2
What is the units digit of 130821?
1
What is the units digit of 58558?
8
What is the tens digit of 83640?
4
What is the units digit of 15865?
5
What is the tens digit of 2442?
4
What is the tens digit of 308?
0
What is the hundreds digit of 10751?
7
What is the hundreds digit of 431?
4
What is the hundreds digit of 29167?
1
What is the hundreds digit of 716?
7
What is the units digit of 706?
6
What is the thousands digit of 1706?
1
What is the thousands digit of 31491?
1
What is the hundreds digit of 683?
6
What is the tens digit of 2131?
3
What is the tens digit of 260?
6
What is the thousands digit of 13299?
3
What is the units digit of 5180?
0
What is the units digit of 162650?
0
What is the ten thousands digit of 27979?
2
What is the tens digit of 4740?
4
What is the tens digit of 76870?
7
What is the units digit of 851?
1
What is the hundreds digit of 1960?
9
What is the hundreds digit of 2080?
0
What is the ten thousands digit of 24504?
2
What is the hundreds digit of 6706?
7
What is the units digit of 91374?
4
What is the units digit of 892?
2
What is the thousands digit of 42355?
2
What is the tens digit of 7314?
1
What is the hundreds digit of 10617?
6
What is the hundreds digit of 693?
6
What is the thousands digit of 3444?
3
What is the tens digit of 4549?
4
What is the units digit of 1748?
8
What is the hundreds digit of 9591?
5
What is the units digit of 17572?
2
What is the units digit of 6322?
2
What is the tens digit of 438?
3
What is the tens digit of 10669?
6
What is the units digit of 5713?
3
What is the tens digit of 123829?
2
What is the units digit of 1568?
8
What is the thousands digit of 2530?
2
What is the units digit of 36704?
4
What is the thousands digit of 138500?
8
What is the ten thousands digit of 29641?
2
What is the hundreds digit of 2759?
7
What is the tens digit of 1018?
1
What is the thousands digit of 3544?
3
What is the units digit of 20918?
8
What is the thousands digit of 1196?
1
What is the tens digit of 167?
6
What is the ten thousands digit of 12427?
1
What is the units digit of 3508?
8
What is the hundreds digit of 911?
9
What is the units digit of 758?
8
What is the thousands digit of 7059?
7
What is the tens digit of 9989?
8
What is the thousands digit of 17248?
7
What is the tens digit of 4442?
4
What is the tens digit of 21975?
7
What is the thousands digit of 1419?
1
What is the hundreds digit of 706?
7
What is the units digit of 9570?
0
What is the tens digit of 38358?
5
What is the hundreds digit of 257?
2
What is the hundreds digit of 76993?
9
What is the ten thousands digit of 67841?
6
What is the thousands digit of 1923?
1
What is the ten thousands digit of 44785?
4
What is the thousands digit of 36438?
6
What is the tens digit of 7581?
8
What is the hundreds digit of 13923?
9
What is the units digit of 84?
4
What is the ten thousands digit of 17834?
1
What is the units digit of 14893?
3
What is the thousands digit of 102196?
2
What is the hundreds digit of 2612?
6
What is the units digit of 484?
4
What is the thousands digit of 3156?
3
What is the thousands digit of 5549?
5
What is the tens digit of 82054?
5
What is the thousands digit of 8207?
8
What is the hundreds digit of 10624?
6
What is the ten thousands digit of 126543?
2
What is the units digit of 117949?
9
What is the thousands digit of 1210?
1
What is the tens digit of 2562?
6
What is the units digit of 137448?
8
What is the units digit of 57756?
6
What is the thousands digit of 1752?
1
What is the units digit of 55722?
2
What is the tens digit of 3403?
0
What is the tens digit of 4031?
3
What is the hundreds digit of 65427?
4
What is the thousands digit of 5553?
5
What is the hundreds digit of 14287?
2
What is the thousands digit of 7622?
7
What is the units digit of 2709?
9
What is the tens digit of 368?
6
What is the units digit of 508?
8
What is the ten thousands digit of 20182?
2
What is the hundreds digit of 69258?
2
What is the units digit of 3474?
4
What is the units digit of 538?
8
What is the hundreds digit of 749?
7
What is the hundreds digit of 781?
7
What is the tens digit of 2232?
3
What is the hundreds digit of 5772?
7
What is the hundreds digit of 349?
3
What is the thousands digit of 5337?
5
What is the thousands digit of 2333?
2
What is the hundreds digit of 13173?
1
What is the ten thousands digit of 60850?
6
What is the tens digit of 807?
0
What is the tens digit of 48885?
8
What is the hundreds digit of 6267?
2
What is the ten thousands digit of 62540?
6
What is the units digit of 11144?
4
What is the ten thousands digit of 13433?
1
What is the tens digit of 6392?
9
What is the units digit of 623?
3
What is the hundreds di